6503?
3776503
List the prime factors of 708146.
2, 354073
What are the prime factors of 76185?
3, 5, 1693
What are the prime factors of 8463276?
2, 3, 235091
What are the prime factors of 3213946?
2, 113, 14221
List the prime factors of 236510.
2, 5, 67, 353
What are the prime factors of 2019507?
3, 7, 96167
List the prime factors of 2579998.
2, 71, 18169
What are the prime factors of 76840?
2, 5, 17, 113
What are the prime factors of 1449566?
2, 724783
List the prime factors of 1016345.
5, 11, 17, 1087
List the prime factors of 2245951.
2245951
What are the prime factors of 420630?
2, 3, 5, 7, 2003
What are the prime factors of 1070540?
2, 5, 53527
List the prime factors of 883797.
3, 67, 4397
What are the prime factors of 479645?
5, 95929
What are the prime factors of 3786803?
3786803
What are the prime factors of 5109560?
2, 5, 127739
List the prime factors of 219320.
2, 5, 5483
List the prime factors of 1657116.
2, 3, 191, 241
List the prime factors of 1395248.
2, 29, 31, 97
List the prime factors of 121396.
2, 11, 31, 89
What are the prime factors of 1660965?
3, 5, 110731
What are the prime factors of 2830836?
2, 3, 53, 4451
List the prime factors of 855761.
23, 29, 1283
What are the prime factors of 3730235?
5, 746047
What are the prime factors of 110312?
2, 13789
What are the prime factors of 5772008?
2, 11, 107, 613
What are the prime factors of 1308276?
2, 3, 36341
What are the prime factors of 2172845?
5, 73, 5953
List the prime factors of 80254.
2, 40127
List the prime factors of 377909.
7, 53987
List the prime factors of 1271027.
1271027
List the prime factors of 14309.
41, 349
List the prime factors of 339196.
2, 11, 13, 593
List the prime factors of 294855.
3, 5, 11, 1787
What are the prime factors of 1043809?
13, 23, 3491
What are the prime factors of 29754?
2, 3, 19, 29
What are the prime factors of 419719?
97, 4327
What are the prime factors of 1028415?
3, 5, 17, 37, 109
What are the prime factors of 8975760?
2, 3, 5, 149, 251
What are the prime factors of 33050022?
2, 3, 103, 53479
List the prime factors of 408243.
3, 11, 89, 139
What are the prime factors of 231446?
2, 31, 3733
List the prime factors of 381502.
2, 11, 17341
List the prime factors of 140795.
5, 29, 971
List the prime factors of 3121238.
2, 23, 67853
What are the prime factors of 2622033?
3, 291337
List the prime factors of 8130513.
3, 673, 4027
List the prime factors of 29498982.
2, 3, 19, 258763
List the prime factors of 166651.
17, 9803
What are the prime factors of 8965690?
2, 5, 653, 1373
List the prime factors of 9744524.
2, 2436131
List the prime factors of 118025.
5, 4721
What are the prime factors of 12716443?
1439, 8837
List the prime factors of 22166438.
2, 7, 1217, 1301
List the prime factors of 1897493.
13, 227, 643
What are the prime factors of 499120?
2, 5, 17, 367
What are the prime factors of 6675711?
3, 7, 45413
What are the prime factors of 681955?
5, 17, 71, 113
What are the prime factors of 493285?
5, 13, 7589
What are the prime factors of 132509?
13, 10193
What are the prime factors of 354248?
2, 44281
List the prime factors of 149789.
47, 3187
List the prime factors of 955307.
955307
List the prime factors of 450836.
2, 41, 2749
What are the prime factors of 1471222?
2, 263, 2797
List the prime factors of 20604321.
3, 763123
List the prime factors of 122949.
3, 19, 719
List the prime factors of 390509.
7, 55787
What are the prime factors of 2816595?
3, 5, 62591
List the prime factors of 270109.
7, 47, 821
What are the prime factors of 3774213?
3, 137, 3061
List the prime factors of 898018.
2, 11, 40819
What are the prime factors of 5509361?
11, 13, 59, 653
What are the prime factors of 6626651?
17, 251, 1553
List the prime factors of 1723047.
3, 499, 1151
What are the prime factors of 8654859?
3, 31, 67, 463
What are the prime factors of 14953904?
2, 7, 31, 59, 73
List the prime factors of 192553.
192553
List the prime factors of 14338756.
2, 3584689
What are the prime factors of 19955114?
2, 211, 47287
What are the prime factors of 4466529?
3, 17, 37, 263
List the prime factors of 10358436.
2, 3, 11, 97, 809
List the prime factors of 6269809.
7, 13, 68899
List the prime factors of 4863041.
73, 66617
What are the prime factors of 578479?
11, 43, 1223
List the prime factors of 10376793.
3, 7, 19, 8669
List the prime factors of 25783214.
2, 12891607
List the prime factors of 10308417.
3, 7, 490877
List the prime factors of 133772.
2, 53, 631
List the prime factors of 11447017.
67, 170851
What are the prime factors of 1643296?
2, 89, 577
What are the prime factors of 551845?
5, 7, 15767
List the prime factors of 128412.
2, 3, 29, 41
List the prime factors of 6993102.
2, 3, 19, 61343
List the prime factors of 26789327.
53, 505459
List the prime factors of 5693635.
5, 19, 73, 821
What are the prime factors of 287050?
2, 5, 5741
What are the prime factors of 173625?
3, 5, 463
What are the prime factors of 444083?
359, 1237
List the prime factors of 1401138.
2, 3, 31
List the prime factors of 621550.
2, 5, 31, 401
List the prime factors of 161840.
2, 5, 7, 17
List the prime factors of 517777.
13, 39829
What are the prime factors of 18635328?
2, 3, 32353
What are the prime factors of 276510?
2, 3, 5, 13, 709
List the prime factors of 2221435.
5, 444287
List the prime factors of 316260.
2, 3, 5, 7, 251
List the prime factors of 3096462.
2, 3, 516077
What are the prime factors of 3276965?
5, 131, 5003
What are the prime factors of 824293?
61, 13513
List the prime factors of 4130529.
3, 13, 8147
List the prime factors of 165109.
7, 103, 229
List the prime factors of 1097009.
1097009
What are the prime factors of 600209?
229, 2621
What are the prime factors of 9886209?
3, 61, 89, 607
List the prime factors of 1465703.
1465703
What are the prime factors of 189658?
2, 7, 19, 23, 31
List the prime factors of 1849394.
2, 924697
What are the prime factors of 207543?
3, 7, 9883
What are the prime factors of 447340?
2, 5, 22367
List the prime factors of 1243958.
2, 17, 36587
What are the prime factors of 303906?
2, 3, 50651
What are the prime factors of 2996278?
2, 1498139
What are the prime factors of 19072430?
2, 5, 13, 29, 5059
What are the prime factors of 149245?
5, 19, 1571
What are the prime factors of 1585087?
7, 127, 1783
List the prime factors of 717960.
2, 3, 5, 31, 193
What are the prime factors of 1530272?
2, 17, 29, 97
List the prime factors of 655903.
59, 11117
List the prime factors of 420186.
2, 3, 13, 5387
List the prime factors of 2256403.
29, 2683
List the prime factors of 20352586.
2, 251, 40543
What are the prime factors of 4247682?
2, 3, 31, 41, 557
What are the prime factors of 14755557?
3, 4918519
List the prime factors of 434723.
23, 41, 461
What are the prime factors of 6605540?
2, 5, 19, 17383
What are the prime factors of 940815?
3, 5, 23, 101
What are the prime factors of 1032890?
2, 5, 103289
List the prime factors of 133602.
2, 3, 7, 3181
What are the prime factors of 726443?
577, 1259
List the prime factors of 20233512.
2, 3, 13, 21617
What are the prime factors of 2591395?
5, 17, 43, 709
List the prime factors of 399085.
5, 79817
List the prime factors of 225816.
2, 3, 97
List the prime factors of 115770.
2, 3, 5, 17, 227
List the prime factors of 338849.
7, 48407
List the prime factors of 945096.
2, 3, 53, 743
What are the prime factors of 9752556?
2, 3, 11, 73883
List the prime factors of 386663.
31, 12473
What are the prime factors of 153563?
153563
List the prime factors of 161496.
2, 3, 2243
List the prime factors of 11732917.
7, 59, 28409
What are the prime factors of 36208041?
3, 12069347
List the prime factors of 41271542.
2, 13, 109, 14563
What are the prime factors of 493558?
2, 13, 41, 463
List the prime factors of 2046297.
3, 11, 59, 1051
List the prime factors of 300991.
29, 97, 107
List the prime factors of 17843258.
2, 8921629
List the prime factors of 837303.
3, 71, 3931
What are the prime factors of 205641?
3, 73, 313
List the prime factors of 6090996.
2, 3, 271, 1873
List the prime factors of 361817.
19, 137, 139
List the prime factors of 1030747.
29, 35543
What are the prime factors of 390291?
3, 11, 11827
List the prime factors of 13566406.
2, 7, 31, 31259
What are the prime factors of 21148522?
2,